when m is divided by 36?
33
Let v be 2/(-8) + (-2961)/(-36) + -3. Suppose -a + v = 3*d, -3*a - 108 = -4*d - 5*a. What is the remainder when 71 is divided by d?
21
Suppose -2*l - 3*l + 205 = 0. Suppose -l = -3*t - 2*y, t - 48 = -3*t - y. Let a(p) = -p**2 + 13*p + 18. What is the remainder when a(12) is divided by t?
8
Suppose 3*y - 2*k = 82, -48*y = -49*y - 2*k - 2. Suppose -2*c + 14 = -0*c - w, w = c - 7. Calculate the remainder when y is divided by c.
6
Let x(d) = -2*d**3 + d**2 + d + 11. Let j(y) = -y**2 + 31*y - 74. What is the remainder when j(21) is divided by x(-3)?
65
Let j(p) = 3*p + 100. Let t be j(-9). Let z = -41 + t. What is the remainder when (1 + (-177)/(-9))*3 is divided by z?
30
Calculate the remainder when (943 - 0) + ((-10)/(-35))/((-23)/483) is divided by 135.
127
Suppose -52 = -4*q - 3*p, 8*q - 2*p + 39 = 11*q. What is the remainder when 371 is divided by q?
7
Let x(m) = m**3 - 9*m**2 + 23*m - 26. Let z = -435 + 441. What is the remainder when 70 is divided by x(z)?
2
Suppose -46*o + 81 = -43*o + 5*x, 55 = 2*o + 3*x. What is the remainder when o is divided by 18?
14
Let t(h) = 63*h - 49. Let w be t(7). Let s = w - 233. Suppose 4*x - 50 - 78 = 0. Calculate the remainder when s is divided by x.
31
Let i(r) = -6*r + 169. Let p be ((-1)/(-3))/(4/(-24)). Calculate the remainder when 1*p*(-57)/6 is divided by i(27).
5
Let q(d) = 2*d**3 + 92*d**2 - 12*d - 533. What is the remainder when 2903 is divided by q(-46)?
15
Let q be (-22)/4 - (-1)/(-2). Suppose -8*c = -6*c - 38. What is the remainder when 535/15 + 4/q is divided by c?
16
Let w = 12000 - 2633. Calculate the remainder when w is divided by 10.
7
Suppose 0 = -5*g + h + 6, -5*g + g = -4*h + 8. Let a(n) = 22*n + n**2 - 2*n + g*n - 20 + n**2. What is the remainder when a(-13) is divided by 19?
13
Suppose 239*a - 234*a - 10736 = -4*q, 8556 = 4*a - 5*q. Calculate the remainder when a is divided by 27.
11
Let j(i) = 6*i**2 + 38*i - 158. What is the remainder when j(-31) is divided by 13?
10
Suppose 27*q - 16*q = -858. What is the remainder when -133*(q/(-21) + -4) is divided by 14?
10
Suppose -4*n + 4*q = -150 - 74, 0 = n + q - 50. Suppose 2*m - n - 45 = 0. Calculate the remainder when m is divided by 9.
4
Let w(k) = -2*k**3 - 3*k**2 + 3*k - 3. Let h(j) = -j**3 - 114*j**2 - 138*j - 2800. Calculate the remainder when h(-113) is divided by w(-3).
10
What is the remainder when 371 is divided by (7 - (-1 + 397)/2)/(-1)?
180
What is the remainder when ((-306)/765)/((2 + -1)/(-5210)) is divided by 29?
25
Let k(v) = -19*v**3 - 4*v**2 - 2*v + 13. Calculate the remainder when k(-2) is divided by 56.
41
Let n = -14 + 18. Suppose 4*s - 5*s = 1, n*d + 4*s = 592. Suppose 0 = -3*p + 4 + d. What is the remainder when p is divided by 14?
9
Suppose 5*h + 59 = 74. Let z(u) = u + 3. Let c be z(3). What is the remainder when 23 is divided by (-3)/(-12)*c*8/h?
3
Let z = 29 + 66. Suppose 16*h = 225 + 95. What is the remainder when z is divided by (h + -22)/(1/(-7))?
11
Let m(y) = -4*y**3 - 48*y**2 + 21*y + 298. What is the remainder when m(-12) is divided by 12?
10
Let j(v) = -v**3 + 10*v**2 - 85*v + 470. What is the remainder when 1344 is divided by j(6)?
96
Let v = 841 + -841. Suppose -5*f + 745 = 5*g, -3*g + f + 306 + 125 = v. What is the remainder when g is divided by 38?
31
Suppose -75 = -10*r - 5*r. What is the remainder when (284/(-5))/((-2)/r) is divided by 36?
34
Let f be 350/15 - (-2)/3. Suppose f + 9 = 3*j. Let q(a) = 5*a**2 - 53*a - 17. Calculate the remainder when j is divided by q(11).
1
Let z be (((-2)/(-6))/(22/132))/(-2)*-11. Suppose 3*s - 2*s = 2. Suppose -48 = -5*g - s*a, g = -4*a + z + 13. Calculate the remainder when 22 is divided by g.
6
Suppose -4*t = -t + 4*t. Suppose -5*h - 4*q + 325 = t, 0 = -q + 3*q - 10. Calculate the remainder when h is divided by 37.
24
Let i = -535 + 616. Suppose -119*z + 2*b = -121*z + 166, z - i = b. Calculate the remainder when z is divided by ((-58)/(-8))/((-2)/(-8)).
24
Let f be ((-2)/(-6))/(19/5073). Suppose -80*q + f*q = 504. Calculate the remainder when q is divided by 410/14 + 6/(-21).
27
Let g = 45725 + -45141. What is the remainder when g is divided by 208?
168
Suppose 14*x - 11*x - 318 = 0. Suppose x = 25*o - 1794. What is the remainder when 375 is divided by o?
71
Let j = -880 + 488. Let f = -371 - j. Calculate the remainder when 371 is divided by f.
14
Let v(a) be the third derivative of a**6/120 - a**5/30 + a**4/24 - 19*a**3/6 + 3*a**2 - 12*a. Calculate the remainder when 65 is divided by v(4).
14
Suppose -15*j - 15 = -20*j. Suppose -3*t + 27 = -j. Suppose m + 4*m - 45 = -5*x, 0 = 5*x - t. What is the remainder when 18 is divided by m?
4
Suppose 5*v - 171 = 13276*c - 13279*c, c + 3*v = 49. What is the remainder when 462 is divided by c?
60
Let z = 1352 - 2222. What is the remainder when z/(-8) + 2/8 is divided by 16?
13
Suppose 127*j = 131*j - 3*c - 1122, 4*c + 1403 = 5*j. Calculate the remainder when 1096 is divided by j.
259
Calculate the remainder when 2886 + 11 - (12/(-3) + 8) - 7 is divided by 107.
104
Suppose 105*j = 9*j + 1824. Calculate the remainder when j is divided by 9.
1
Let x = 3732 - 2819. Calculate the remainder when x is divided by 21.
10
Let b = 24685 + -24106. Calculate the remainder when b is divided by 2.
1
Let y be -3 + (0 + -6)*-1. Suppose -3*a - 18 = -6*a + y*l, 5*a - 28 = 4*l. Let k(t) = 165*t - 156. What is the remainder when k(1) is divided by a?
1
Suppose -5*j - u = -6, -2*j + 2*u = -3*j + 3. Suppose g - 3 = 0, -174*g = m - 179*g + 10. Calculate the remainder when 117 is divided by m*j/10*(-60)/(-2).
12
Let p be -4 + 8 + 1/1 - -250. What is the remainder when 200 is divided by p/20*48/9?
64
Suppose 3*w = -9, -5*g - 4*w + 70 = -33. Suppose 4*a - g - 138 = 5*u, u + 129 = 3*a. What is the remainder when 127 is divided by a?
39
Suppose n - 334 = 135. What is the remainder when n is divided by 40?
29
Let a = 24 - 13. What is the remainder when a is divided by 17*(-26)/(-3315) + 28/15?
1
Let r = 33477 - 33427. Calculate the remainder when (12/(-15))/(4/(-690)) is divided by r.
38
Suppose 8*g = 10*g - 206. Suppose -g - 385 = -8*v. What is the remainder when v is divided by 16?
13
Suppose 0 = -9*s - 170 + 6254. Calculate the remainder when s is divided by 171.
163
Let p(a) be the third derivative of a**4/12 + 25*a**3/6 - 42*a**2. Calculate the remainder when p(-2) is divided by 6.
3
Let r be (0/(1 + -2))/1. Let y be ((-44)/(-396))/(2/90). Suppose 5*a + 3*z - z = 25, -y*z + 25 = r. What is the remainder when 7 is divided by a?
1
Suppose w + 5*f + 332 = 1054, 4*f = w - 713. Let z(j) = -1612*j + 8132. Calculate the remainder when w is divided by z(5).
69
Suppose -4*t + 30 = 2*k, 112*k - 127*k + 312 = t. What is the remainder when 2560 is divided by k?
19
Let f = -86 - -113. Let l = f - 12. Calculate the remainder when l is divided by 11.
4
Let b = 21 - 23. Let r(n) be the first derivative of -9*n**4/4 + 4*n**3/3 + 5*n**2/2 + n + 25. What is the remainder when r(b) is divided by 21?
16
Calculate the remainder when -1 + (198 - 0 - 0) is divided by (-30 - -19)*(-156)/52.
32
Let i = 18 - -17. Let q = -35 + i. Suppose 2*t - 5*l - 41 = q, 5*l = t - 11 - 17. What is the remainder when t is divided by 10?
3
Let y = -11917 - -12107. What is the remainder when y is divided by 87?
16
Let w be (12/9)/(12/18). Suppose -3*q + 7 = 1, w*q - 56 = -4*a. Let j = a + 38. Calculate the remainder when j is divided by 13.
12
Suppose 5*n = -4*y - 31, 2*n + 17 = -5*y - 9. Let f(p) = 0 + 9 + 4*p**2 + 0*p**2 + p**3 - 2*p. What is the remainder when 67 is divided by f(y)?
16
Suppose 0 = -39*j + 24405 + 12095 + 6478. What is the remainder when j is divided by 164?
118
Let k be (-18)/8*(-20)/(-1). Let i be (-30)/(((-80)/k)/(-8)). Suppose 156 = 3*l - i. Calculate the remainder when l is divided by 25.
22
Let i(r) = -124 + 253 + 2*r - 146. Let b = 26 - 14. What is the remainder when 12 is divided by i(b)?
5
Let g(p) = -3*p - 17. Let z be g(-5). Let y = z + 11. Let n(f) = 7*f - 13. Calculate the remainder when n(8) is divided by y.
7
Calculate the remainder when 205 is divided by (-54984)/(-870) - (-3)/(-15)*1.
16
Calculate the remainder when 2081 is divided by -3 + 62 - (-6)/(-4)*(-8)/(-4).
9
Let d = -58 - -88. Let h be (3/6*0)/(-1). Suppose h = -5*m 